{"id":2388,"date":"2026-03-25T20:25:07","date_gmt":"2026-03-25T20:25:07","guid":{"rendered":"https:\/\/joyeriadiva.com\/?post_type=product&#038;p=2388"},"modified":"2026-03-25T20:25:08","modified_gmt":"2026-03-25T20:25:08","slug":"reloj-citizen-tsuyosa-mod-nj0232-53x","status":"publish","type":"product","link":"https:\/\/joyeriadiva.com\/index.php\/producto\/reloj-citizen-tsuyosa-mod-nj0232-53x\/","title":{"rendered":"Reloj Citizen TSUYOSA mod. NJ0232-53X"},"content":{"rendered":"<p><span class=\"visible-text\">Combinando el estilo audaz de la l\u00ednea TSUYOSA con un rendimiento mejorado para el agua, el TSUYOSA Shore ofrece nuestro dise\u00f1o de lujo deportivo con una presencia llamativa en tono dorado. Con un di\u00e1metro de 40 mm, la caja de acero inoxidable de la misma tonalidad eleva su aspecto, junto con una car\u00e1tula verde con efecto que simula los rayos de sol y un<\/span><span class=\"more-text\">\u00a0bisel unidireccional de 120 clics a juego, aporta un toque deportivo y vibrante. Las manecillas anchas y los detalles luminosos aseguran una lectura r\u00e1pida, mientras que el cristal de zafiro con ventana de fecha ampliada a las 3 horas a\u00f1ade practicidad diaria.<br \/>\nImpulsado por nuestro Calibre autom\u00e1tico 8210, el TSUYOSA Shore ofrece precisi\u00f3n mec\u00e1nica confiable, incluyendo segundero de alta precisi\u00f3n para un ajuste exacto. Un extensible integrado de acero inoxidable en tono dorado completa el dise\u00f1o vers\u00e1til, aportando durabilidad refinada a un reloj que puede utilizarse tanto para la playa como para la ciudad.<\/span><\/p>\n","protected":false},"excerpt":{"rendered":"<p>Reloj CITIZEN TSUYOSA Shore dorado para caballero.<\/p>\n<p>&nbsp;<\/p>\n","protected":false},"featured_media":2389,"comment_status":"open","ping_status":"closed","template":"","meta":[],"product_brand":[],"product_cat":[37,52,166,257],"product_tag":[132,82,253,256,252,318,319],"class_list":{"0":"post-2388","1":"product","2":"type-product","3":"status-publish","4":"has-post-thumbnail","6":"product_cat-caballero","7":"product_cat-citizen","8":"product_cat-relojeria","9":"product_cat-relojes-automaticos","10":"product_tag-dorado","11":"product_tag-reloj","12":"product_tag-reloj-automatico","13":"product_tag-reloj-citizen","14":"product_tag-reloj-de-buceo","15":"product_tag-tsuyosa","16":"product_tag-verde","18":"first","19":"instock","20":"taxable","21":"shipping-taxable","22":"purchasable","23":"product-type-simple"},"_links":{"self":[{"href":"https:\/\/joyeriadiva.com\/index.php\/wp-json\/wp\/v2\/product\/2388","targetHints":{"allow":["GET"]}}],"collection":[{"href":"https:\/\/joyeriadiva.com\/index.php\/wp-json\/wp\/v2\/product"}],"about":[{"href":"https:\/\/joyeriadiva.com\/index.php\/wp-json\/wp\/v2\/types\/product"}],"replies":[{"embeddable":true,"href":"https:\/\/joyeriadiva.com\/index.php\/wp-json\/wp\/v2\/comments?post=2388"}],"wp:featuredmedia":[{"embeddable":true,"href":"https:\/\/joyeriadiva.com\/index.php\/wp-json\/wp\/v2\/media\/2389"}],"wp:attachment":[{"href":"https:\/\/joyeriadiva.com\/index.php\/wp-json\/wp\/v2\/media?parent=2388"}],"wp:term":[{"taxonomy":"product_brand","embeddable":true,"href":"https:\/\/joyeriadiva.com\/index.php\/wp-json\/wp\/v2\/product_brand?post=2388"},{"taxonomy":"product_cat","embeddable":true,"href":"https:\/\/joyeriadiva.com\/index.php\/wp-json\/wp\/v2\/product_cat?post=2388"},{"taxonomy":"product_tag","embeddable":true,"href":"https:\/\/joyeriadiva.com\/index.php\/wp-json\/wp\/v2\/product_tag?post=2388"}],"curies":[{"name":"wp","href":"https:\/\/api.w.org\/{rel}","templated":true}]}}