{"id":2118,"date":"2024-03-12T01:19:48","date_gmt":"2024-03-12T01:19:48","guid":{"rendered":"https:\/\/joyeriadiva.com\/?page_id=2118"},"modified":"2024-03-12T01:19:48","modified_gmt":"2024-03-12T01:19:48","slug":"relojes-automaticos","status":"publish","type":"page","link":"https:\/\/joyeriadiva.com\/index.php\/relojes-automaticos\/","title":{"rendered":"Relojes Autom\u00e1ticos."},"content":{"rendered":"<div class=\"wp-block-image\">\n<figure class=\"aligncenter size-large is-resized\"><img loading=\"lazy\" decoding=\"async\" width=\"1024\" height=\"727\" src=\"https:\/\/joyeriadiva.com\/wp-content\/uploads\/2024\/03\/banner_Bulova_Automaticos-1024x727.jpeg\" alt=\"\" class=\"wp-image-2120\" style=\"width:783px;height:auto\" srcset=\"https:\/\/joyeriadiva.com\/wp-content\/uploads\/2024\/03\/banner_Bulova_Automaticos-1024x727.jpeg 1024w, https:\/\/joyeriadiva.com\/wp-content\/uploads\/2024\/03\/banner_Bulova_Automaticos-300x213.jpeg 300w, https:\/\/joyeriadiva.com\/wp-content\/uploads\/2024\/03\/banner_Bulova_Automaticos-768x545.jpeg 768w, https:\/\/joyeriadiva.com\/wp-content\/uploads\/2024\/03\/banner_Bulova_Automaticos-1536x1090.jpeg 1536w, https:\/\/joyeriadiva.com\/wp-content\/uploads\/2024\/03\/banner_Bulova_Automaticos-416x295.jpeg 416w, https:\/\/joyeriadiva.com\/wp-content\/uploads\/2024\/03\/banner_Bulova_Automaticos.jpeg 2047w\" sizes=\"auto, (max-width: 1024px) 100vw, 1024px\" \/><\/figure>\n<\/div>\n\n\n<p>En un mundo cada vez cada vez mas digital, existe un atractivo real para algo que depende de engranajes, resortes y joyas para funcionar, lo que se refleja en el creciente inter\u00e9s por los relojes mec\u00e1nicos en la actualidad. A continuaci\u00f3n se detallan algunas de las razones por las que estos relojes son tan atractivos actualmente.<\/p>\n\n\n\n<p><strong>1.Interacci\u00f3n con el reloj.<\/strong><\/p>\n\n\n\n<p>Una de las cosas m\u00e1s atractivas de un reloj mec\u00e1nico es que se requiere de la interacci\u00f3n del usuario para que este funcione.&nbsp;<\/p>\n\n\n\n<p>Ya sea que se le de cuerda en el transcurso del d\u00eda de forma natural con el movimiento de la mu\u00f1eca o bien, que tenga que darle cuerda de forma manual por la ma\u00f1ana.<\/p>\n\n\n\n<p><strong>2. Duraci\u00f3n.<\/strong><\/p>\n\n\n\n<p>A diferencia de la mayor\u00eda de los relojes que existen actualmente, un reloj con movimiento mec\u00e1nico no es desechable ya que esta construido para permanecer en el tiempo.<\/p>\n\n\n\n<p>Con un uso adecuado y un servicio de mantenimiento peri\u00f3dico, un reloj mec\u00e1nico podr\u00eda durar toda la vida y pasar de generaci\u00f3n en generaci\u00f3n.<\/p>\n\n\n\n<p><strong>3. Tradici\u00f3n.<\/strong><\/p>\n\n\n\n<p>La relojer\u00eda mec\u00e1nica es un arte milenario siendo este su principal atractivo. Aunque los procesos y los m\u00e9todos han evolucionado y se han perfeccionado con el tiempo, los mecanismos mec\u00e1nicos conservan sus bases conectando el pasado con el futuro.&nbsp;<\/p>\n\n\n\n<p><strong>4. Est\u00e9tica.<\/strong><\/p>\n\n\n\n<p>En pocas palabras, la maquinaria de un reloj mec\u00e1nico luce incre\u00edble. Cuentan con cientos de piezas peque\u00f1as, muchas de ellas con detalles incre\u00edbles que realmente llaman la atenci\u00f3n. Esta ingenier\u00eda resulta intrigante de usar, permiti\u00e9ndole al usuario tener un vistazo de la maquinaria\u00a0en funcionamiento del reloj que se puede apreciar a trav\u00e9s de una car\u00e1tula esqueletada o tapa transparente.<\/p>\n\n\n<div data-block-name=\"woocommerce\/product-category\" data-categories=\"[257]\" class=\"wc-block-grid wp-block-product-category wp-block-woocommerce-product-category wc-block-product-category has-3-columns has-multiple-rows\"><ul class=\"wc-block-grid__products\"><li class=\"wc-block-grid__product\">\n\t\t\t\t<a href=\"https:\/\/joyeriadiva.com\/index.php\/producto\/reloj-citizen-tsuyosa-mod-nj0232-53x\/\" class=\"wc-block-grid__product-link\">\n\t\t\t\t\t\n\t\t\t\t\t<div class=\"wc-block-grid__product-image\"><img loading=\"lazy\" decoding=\"async\" width=\"324\" height=\"324\" src=\"https:\/\/joyeriadiva.com\/wp-content\/uploads\/2026\/03\/NJ0232-53X-324x324.webp\" class=\"attachment-woocommerce_thumbnail size-woocommerce_thumbnail\" alt=\"Reloj Citizen TSUYOSA mod. NJ0232-53X\" srcset=\"https:\/\/joyeriadiva.com\/wp-content\/uploads\/2026\/03\/NJ0232-53X-324x324.webp 324w, https:\/\/joyeriadiva.com\/wp-content\/uploads\/2026\/03\/NJ0232-53X-150x150.webp 150w, https:\/\/joyeriadiva.com\/wp-content\/uploads\/2026\/03\/NJ0232-53X-100x100.webp 100w\" sizes=\"auto, (max-width: 324px) 100vw, 324px\" \/><\/div>\n\t\t\t\t\t<div class=\"wc-block-grid__product-title\">Reloj Citizen TSUYOSA mod. NJ0232-53X<\/div>\n\t\t\t\t<\/a>\n\t\t\t\t<div class=\"wc-block-grid__product-price price\"><span class=\"woocommerce-Price-amount amount\"><span class=\"woocommerce-Price-currencySymbol\">&#036;<\/span>10,975.00<\/span><\/div>\n\t\t\t\t\n\t\t\t\t<div class=\"wp-block-button wc-block-grid__product-add-to-cart\"><a href=\"\/index.php\/wp-json\/wp\/v2\/pages\/2118?add-to-cart=2388\" aria-label=\"Add to cart: &ldquo;Reloj Citizen TSUYOSA mod. NJ0232-53X&rdquo;\" data-quantity=\"1\" data-product_id=\"2388\" data-product_sku=\"\" data-price=\"10975\" rel=\"nofollow\" class=\"wp-block-button__link  add_to_cart_button ajax_add_to_cart\">A\u00f1adir al carrito<\/a><\/div>\n\t\t\t<\/li><li class=\"wc-block-grid__product\">\n\t\t\t\t<a href=\"https:\/\/joyeriadiva.com\/index.php\/producto\/reloj-citizen-mod-61841\/\" class=\"wc-block-grid__product-link\">\n\t\t\t\t\t<div class=\"wc-block-grid__product-onsale\">\n\t\t\t<span aria-hidden=\"true\">Oferta<\/span>\n\t\t\t<span class=\"screen-reader-text\">Producto en oferta<\/span>\n\t\t<\/div>\n\t\t\t\t\t<div class=\"wc-block-grid__product-image\"><img loading=\"lazy\" decoding=\"async\" width=\"324\" height=\"324\" src=\"https:\/\/joyeriadiva.com\/wp-content\/uploads\/2025\/09\/61841-324x324.png\" class=\"attachment-woocommerce_thumbnail size-woocommerce_thumbnail\" alt=\"Reloj Citizen Mod. 61841\" srcset=\"https:\/\/joyeriadiva.com\/wp-content\/uploads\/2025\/09\/61841-324x324.png 324w, https:\/\/joyeriadiva.com\/wp-content\/uploads\/2025\/09\/61841-300x300.png 300w, https:\/\/joyeriadiva.com\/wp-content\/uploads\/2025\/09\/61841-1024x1024.png 1024w, https:\/\/joyeriadiva.com\/wp-content\/uploads\/2025\/09\/61841-150x150.png 150w, https:\/\/joyeriadiva.com\/wp-content\/uploads\/2025\/09\/61841-768x768.png 768w, https:\/\/joyeriadiva.com\/wp-content\/uploads\/2025\/09\/61841-1536x1536.png 1536w, https:\/\/joyeriadiva.com\/wp-content\/uploads\/2025\/09\/61841-416x416.png 416w, https:\/\/joyeriadiva.com\/wp-content\/uploads\/2025\/09\/61841-100x100.png 100w, https:\/\/joyeriadiva.com\/wp-content\/uploads\/2025\/09\/61841.png 1600w\" sizes=\"auto, (max-width: 324px) 100vw, 324px\" \/><\/div>\n\t\t\t\t\t<div class=\"wc-block-grid__product-title\">Reloj Citizen Mod. 61841<\/div>\n\t\t\t\t<\/a>\n\t\t\t\t<div class=\"wc-block-grid__product-price price\"><del aria-hidden=\"true\"><span class=\"woocommerce-Price-amount amount\"><span class=\"woocommerce-Price-currencySymbol\">&#036;<\/span>8,990.00<\/span><\/del> <span class=\"screen-reader-text\">Original price was: &#036;8,990.00.<\/span><ins aria-hidden=\"true\"><span class=\"woocommerce-Price-amount amount\"><span class=\"woocommerce-Price-currencySymbol\">&#036;<\/span>7,641.50<\/span><\/ins><span class=\"screen-reader-text\">Current price is: &#036;7,641.50.<\/span><\/div>\n\t\t\t\t\n\t\t\t\t<div class=\"wp-block-button wc-block-grid__product-add-to-cart\"><a href=\"https:\/\/joyeriadiva.com\/index.php\/producto\/reloj-citizen-mod-61841\/\" aria-label=\"Lee m\u00e1s sobre &ldquo;Reloj Citizen Mod. 61841&rdquo;\" data-quantity=\"1\" data-product_id=\"2342\" data-product_sku=\"\" data-price=\"7641.5\" rel=\"nofollow\" class=\"wp-block-button__link  add_to_cart_button\">Leer m\u00e1s<\/a><\/div>\n\t\t\t<\/li><li class=\"wc-block-grid__product\">\n\t\t\t\t<a href=\"https:\/\/joyeriadiva.com\/index.php\/producto\/reloj-citizen-mod-61789\/\" class=\"wc-block-grid__product-link\">\n\t\t\t\t\t<div class=\"wc-block-grid__product-onsale\">\n\t\t\t<span aria-hidden=\"true\">Oferta<\/span>\n\t\t\t<span class=\"screen-reader-text\">Producto en oferta<\/span>\n\t\t<\/div>\n\t\t\t\t\t<div class=\"wc-block-grid__product-image\"><img loading=\"lazy\" decoding=\"async\" width=\"324\" height=\"324\" src=\"https:\/\/joyeriadiva.com\/wp-content\/uploads\/2025\/09\/61789-324x324.png\" class=\"attachment-woocommerce_thumbnail size-woocommerce_thumbnail\" alt=\"Reloj Citizen Mod. 61789\" srcset=\"https:\/\/joyeriadiva.com\/wp-content\/uploads\/2025\/09\/61789-324x324.png 324w, https:\/\/joyeriadiva.com\/wp-content\/uploads\/2025\/09\/61789-300x300.png 300w, https:\/\/joyeriadiva.com\/wp-content\/uploads\/2025\/09\/61789-1024x1024.png 1024w, https:\/\/joyeriadiva.com\/wp-content\/uploads\/2025\/09\/61789-150x150.png 150w, https:\/\/joyeriadiva.com\/wp-content\/uploads\/2025\/09\/61789-768x768.png 768w, https:\/\/joyeriadiva.com\/wp-content\/uploads\/2025\/09\/61789-1536x1536.png 1536w, https:\/\/joyeriadiva.com\/wp-content\/uploads\/2025\/09\/61789-416x416.png 416w, https:\/\/joyeriadiva.com\/wp-content\/uploads\/2025\/09\/61789-100x100.png 100w, https:\/\/joyeriadiva.com\/wp-content\/uploads\/2025\/09\/61789.png 1600w\" sizes=\"auto, (max-width: 324px) 100vw, 324px\" \/><\/div>\n\t\t\t\t\t<div class=\"wc-block-grid__product-title\">Reloj Citizen Mod. 61789<\/div>\n\t\t\t\t<\/a>\n\t\t\t\t<div class=\"wc-block-grid__product-price price\"><del aria-hidden=\"true\"><span class=\"woocommerce-Price-amount amount\"><span class=\"woocommerce-Price-currencySymbol\">&#036;<\/span>8,890.00<\/span><\/del> <span class=\"screen-reader-text\">Original price was: &#036;8,890.00.<\/span><ins aria-hidden=\"true\"><span class=\"woocommerce-Price-amount amount\"><span class=\"woocommerce-Price-currencySymbol\">&#036;<\/span>7,641.50<\/span><\/ins><span class=\"screen-reader-text\">Current price is: &#036;7,641.50.<\/span><\/div>\n\t\t\t\t\n\t\t\t\t<div class=\"wp-block-button wc-block-grid__product-add-to-cart\"><a href=\"https:\/\/joyeriadiva.com\/index.php\/producto\/reloj-citizen-mod-61789\/\" aria-label=\"Lee m\u00e1s sobre &ldquo;Reloj Citizen Mod. 61789&rdquo;\" data-quantity=\"1\" data-product_id=\"2337\" data-product_sku=\"\" data-price=\"7641.5\" rel=\"nofollow\" class=\"wp-block-button__link  add_to_cart_button\">Leer m\u00e1s<\/a><\/div>\n\t\t\t<\/li><li class=\"wc-block-grid__product\">\n\t\t\t\t<a href=\"https:\/\/joyeriadiva.com\/index.php\/producto\/reloj-citizen-mod-61775\/\" class=\"wc-block-grid__product-link\">\n\t\t\t\t\t<div class=\"wc-block-grid__product-onsale\">\n\t\t\t<span aria-hidden=\"true\">Oferta<\/span>\n\t\t\t<span class=\"screen-reader-text\">Producto en oferta<\/span>\n\t\t<\/div>\n\t\t\t\t\t<div class=\"wc-block-grid__product-image\"><img loading=\"lazy\" decoding=\"async\" width=\"324\" height=\"324\" src=\"https:\/\/joyeriadiva.com\/wp-content\/uploads\/2025\/09\/61775-324x324.png\" class=\"attachment-woocommerce_thumbnail size-woocommerce_thumbnail\" alt=\"Reloj Citizen mod. 61775\" srcset=\"https:\/\/joyeriadiva.com\/wp-content\/uploads\/2025\/09\/61775-324x324.png 324w, https:\/\/joyeriadiva.com\/wp-content\/uploads\/2025\/09\/61775-300x300.png 300w, https:\/\/joyeriadiva.com\/wp-content\/uploads\/2025\/09\/61775-1024x1024.png 1024w, https:\/\/joyeriadiva.com\/wp-content\/uploads\/2025\/09\/61775-150x150.png 150w, https:\/\/joyeriadiva.com\/wp-content\/uploads\/2025\/09\/61775-768x768.png 768w, https:\/\/joyeriadiva.com\/wp-content\/uploads\/2025\/09\/61775-1536x1536.png 1536w, https:\/\/joyeriadiva.com\/wp-content\/uploads\/2025\/09\/61775-416x416.png 416w, https:\/\/joyeriadiva.com\/wp-content\/uploads\/2025\/09\/61775-100x100.png 100w, https:\/\/joyeriadiva.com\/wp-content\/uploads\/2025\/09\/61775.png 1600w\" sizes=\"auto, (max-width: 324px) 100vw, 324px\" \/><\/div>\n\t\t\t\t\t<div class=\"wc-block-grid__product-title\">Reloj Citizen mod. 61775<\/div>\n\t\t\t\t<\/a>\n\t\t\t\t<div class=\"wc-block-grid__product-price price\"><del aria-hidden=\"true\"><span class=\"woocommerce-Price-amount amount\"><span class=\"woocommerce-Price-currencySymbol\">&#036;<\/span>8,990.00<\/span><\/del> <span class=\"screen-reader-text\">Original price was: &#036;8,990.00.<\/span><ins aria-hidden=\"true\"><span class=\"woocommerce-Price-amount amount\"><span class=\"woocommerce-Price-currencySymbol\">&#036;<\/span>7,641.50<\/span><\/ins><span class=\"screen-reader-text\">Current price is: &#036;7,641.50.<\/span><\/div>\n\t\t\t\t\n\t\t\t\t<div class=\"wp-block-button wc-block-grid__product-add-to-cart\"><a href=\"\/index.php\/wp-json\/wp\/v2\/pages\/2118?add-to-cart=2332\" aria-label=\"Add to cart: &ldquo;Reloj Citizen mod. 61775&rdquo;\" data-quantity=\"1\" data-product_id=\"2332\" data-product_sku=\"\" data-price=\"7641.5\" rel=\"nofollow\" class=\"wp-block-button__link  add_to_cart_button ajax_add_to_cart\">A\u00f1adir al carrito<\/a><\/div>\n\t\t\t<\/li><li class=\"wc-block-grid__product\">\n\t\t\t\t<a href=\"https:\/\/joyeriadiva.com\/index.php\/producto\/reloj-bulova-mod-97a187\/\" class=\"wc-block-grid__product-link\">\n\t\t\t\t\t\n\t\t\t\t\t<div class=\"wc-block-grid__product-image\"><img loading=\"lazy\" decoding=\"async\" width=\"324\" height=\"324\" src=\"https:\/\/joyeriadiva.com\/wp-content\/uploads\/2025\/04\/97A187_frente-324x324.jpg\" class=\"attachment-woocommerce_thumbnail size-woocommerce_thumbnail\" alt=\"Reloj Bulova mod. 97A187\" srcset=\"https:\/\/joyeriadiva.com\/wp-content\/uploads\/2025\/04\/97A187_frente-324x324.jpg 324w, https:\/\/joyeriadiva.com\/wp-content\/uploads\/2025\/04\/97A187_frente-150x150.jpg 150w, https:\/\/joyeriadiva.com\/wp-content\/uploads\/2025\/04\/97A187_frente-100x100.jpg 100w\" sizes=\"auto, (max-width: 324px) 100vw, 324px\" \/><\/div>\n\t\t\t\t\t<div class=\"wc-block-grid__product-title\">Reloj Bulova mod. 97A187<\/div>\n\t\t\t\t<\/a>\n\t\t\t\t<div class=\"wc-block-grid__product-price price\"><span class=\"woocommerce-Price-amount amount\"><span class=\"woocommerce-Price-currencySymbol\">&#036;<\/span>9,435.00<\/span><\/div>\n\t\t\t\t\n\t\t\t\t<div class=\"wp-block-button wc-block-grid__product-add-to-cart\"><a href=\"\/index.php\/wp-json\/wp\/v2\/pages\/2118?add-to-cart=2267\" aria-label=\"Add to cart: &ldquo;Reloj Bulova mod. 97A187&rdquo;\" data-quantity=\"1\" data-product_id=\"2267\" data-product_sku=\"\" data-price=\"9435\" rel=\"nofollow\" class=\"wp-block-button__link  add_to_cart_button ajax_add_to_cart\">A\u00f1adir al carrito<\/a><\/div>\n\t\t\t<\/li><li class=\"wc-block-grid__product\">\n\t\t\t\t<a href=\"https:\/\/joyeriadiva.com\/index.php\/producto\/reloj-bulova-mod-98a308\/\" class=\"wc-block-grid__product-link\">\n\t\t\t\t\t<div class=\"wc-block-grid__product-onsale\">\n\t\t\t<span aria-hidden=\"true\">Oferta<\/span>\n\t\t\t<span class=\"screen-reader-text\">Producto en oferta<\/span>\n\t\t<\/div>\n\t\t\t\t\t<div class=\"wc-block-grid__product-image\"><img loading=\"lazy\" decoding=\"async\" width=\"324\" height=\"324\" src=\"https:\/\/joyeriadiva.com\/wp-content\/uploads\/2024\/03\/98A308_frente-324x324.jpg\" class=\"attachment-woocommerce_thumbnail size-woocommerce_thumbnail\" alt=\"Reloj Bulova mod. 98A308\" srcset=\"https:\/\/joyeriadiva.com\/wp-content\/uploads\/2024\/03\/98A308_frente-324x324.jpg 324w, https:\/\/joyeriadiva.com\/wp-content\/uploads\/2024\/03\/98A308_frente-300x300.jpg 300w, https:\/\/joyeriadiva.com\/wp-content\/uploads\/2024\/03\/98A308_frente-1024x1024.jpg 1024w, https:\/\/joyeriadiva.com\/wp-content\/uploads\/2024\/03\/98A308_frente-150x150.jpg 150w, https:\/\/joyeriadiva.com\/wp-content\/uploads\/2024\/03\/98A308_frente-768x768.jpg 768w, https:\/\/joyeriadiva.com\/wp-content\/uploads\/2024\/03\/98A308_frente-1536x1536.jpg 1536w, https:\/\/joyeriadiva.com\/wp-content\/uploads\/2024\/03\/98A308_frente-416x416.jpg 416w, https:\/\/joyeriadiva.com\/wp-content\/uploads\/2024\/03\/98A308_frente-100x100.jpg 100w, https:\/\/joyeriadiva.com\/wp-content\/uploads\/2024\/03\/98A308_frente.jpg 1600w\" sizes=\"auto, (max-width: 324px) 100vw, 324px\" \/><\/div>\n\t\t\t\t\t<div class=\"wc-block-grid__product-title\">Reloj Bulova mod. 98A308<\/div>\n\t\t\t\t<\/a>\n\t\t\t\t<div class=\"wc-block-grid__product-price price\"><del aria-hidden=\"true\"><span class=\"woocommerce-Price-amount amount\"><span class=\"woocommerce-Price-currencySymbol\">&#036;<\/span>9,900.00<\/span><\/del> <span class=\"screen-reader-text\">Original price was: &#036;9,900.00.<\/span><ins aria-hidden=\"true\"><span class=\"woocommerce-Price-amount amount\"><span class=\"woocommerce-Price-currencySymbol\">&#036;<\/span>8,415.00<\/span><\/ins><span class=\"screen-reader-text\">Current price is: &#036;8,415.00.<\/span><\/div>\n\t\t\t\t\n\t\t\t\t<div class=\"wp-block-button wc-block-grid__product-add-to-cart\"><a href=\"\/index.php\/wp-json\/wp\/v2\/pages\/2118?add-to-cart=2149\" aria-label=\"Add to cart: &ldquo;Reloj Bulova mod. 98A308&rdquo;\" data-quantity=\"1\" data-product_id=\"2149\" data-product_sku=\"\" data-price=\"8415\" rel=\"nofollow\" class=\"wp-block-button__link  add_to_cart_button ajax_add_to_cart\">A\u00f1adir al carrito<\/a><\/div>\n\t\t\t<\/li><li class=\"wc-block-grid__product\">\n\t\t\t\t<a href=\"https:\/\/joyeriadiva.com\/index.php\/producto\/reloj-bulova-mod-98p170\/\" class=\"wc-block-grid__product-link\">\n\t\t\t\t\t\n\t\t\t\t\t<div class=\"wc-block-grid__product-image\"><img loading=\"lazy\" decoding=\"async\" width=\"324\" height=\"324\" src=\"https:\/\/joyeriadiva.com\/wp-content\/uploads\/2024\/03\/98P170_frente-324x324.jpg\" class=\"attachment-woocommerce_thumbnail size-woocommerce_thumbnail\" alt=\"Reloj Bulova mod. 98P170\" srcset=\"https:\/\/joyeriadiva.com\/wp-content\/uploads\/2024\/03\/98P170_frente-324x324.jpg 324w, https:\/\/joyeriadiva.com\/wp-content\/uploads\/2024\/03\/98P170_frente-300x300.jpg 300w, https:\/\/joyeriadiva.com\/wp-content\/uploads\/2024\/03\/98P170_frente-1024x1024.jpg 1024w, https:\/\/joyeriadiva.com\/wp-content\/uploads\/2024\/03\/98P170_frente-150x150.jpg 150w, https:\/\/joyeriadiva.com\/wp-content\/uploads\/2024\/03\/98P170_frente-768x768.jpg 768w, https:\/\/joyeriadiva.com\/wp-content\/uploads\/2024\/03\/98P170_frente-1536x1536.jpg 1536w, https:\/\/joyeriadiva.com\/wp-content\/uploads\/2024\/03\/98P170_frente-416x416.jpg 416w, https:\/\/joyeriadiva.com\/wp-content\/uploads\/2024\/03\/98P170_frente-100x100.jpg 100w, https:\/\/joyeriadiva.com\/wp-content\/uploads\/2024\/03\/98P170_frente.jpg 1600w\" sizes=\"auto, (max-width: 324px) 100vw, 324px\" \/><\/div>\n\t\t\t\t\t<div class=\"wc-block-grid__product-title\">Reloj Bulova mod. 98P170<\/div>\n\t\t\t\t<\/a>\n\t\t\t\t<div class=\"wc-block-grid__product-price price\"><span class=\"woocommerce-Price-amount amount\"><span class=\"woocommerce-Price-currencySymbol\">&#036;<\/span>12,015.00<\/span><\/div>\n\t\t\t\t\n\t\t\t\t<div class=\"wp-block-button wc-block-grid__product-add-to-cart\"><a href=\"\/index.php\/wp-json\/wp\/v2\/pages\/2118?add-to-cart=2138\" aria-label=\"Add to cart: &ldquo;Reloj Bulova mod. 98P170&rdquo;\" data-quantity=\"1\" data-product_id=\"2138\" data-product_sku=\"\" data-price=\"12015\" rel=\"nofollow\" class=\"wp-block-button__link  add_to_cart_button ajax_add_to_cart\">A\u00f1adir al carrito<\/a><\/div>\n\t\t\t<\/li><li class=\"wc-block-grid__product\">\n\t\t\t\t<a href=\"https:\/\/joyeriadiva.com\/index.php\/producto\/reloj-bulova-mod-98a284\/\" class=\"wc-block-grid__product-link\">\n\t\t\t\t\t<div class=\"wc-block-grid__product-onsale\">\n\t\t\t<span aria-hidden=\"true\">Oferta<\/span>\n\t\t\t<span class=\"screen-reader-text\">Producto en oferta<\/span>\n\t\t<\/div>\n\t\t\t\t\t<div class=\"wc-block-grid__product-image\"><img loading=\"lazy\" decoding=\"async\" width=\"324\" height=\"324\" src=\"https:\/\/joyeriadiva.com\/wp-content\/uploads\/2024\/03\/98A284_frente-324x324.jpg\" class=\"attachment-woocommerce_thumbnail size-woocommerce_thumbnail\" alt=\"Reloj Bulova mod. 98A284\" srcset=\"https:\/\/joyeriadiva.com\/wp-content\/uploads\/2024\/03\/98A284_frente-324x324.jpg 324w, https:\/\/joyeriadiva.com\/wp-content\/uploads\/2024\/03\/98A284_frente-300x300.jpg 300w, https:\/\/joyeriadiva.com\/wp-content\/uploads\/2024\/03\/98A284_frente-1024x1024.jpg 1024w, https:\/\/joyeriadiva.com\/wp-content\/uploads\/2024\/03\/98A284_frente-150x150.jpg 150w, https:\/\/joyeriadiva.com\/wp-content\/uploads\/2024\/03\/98A284_frente-768x768.jpg 768w, https:\/\/joyeriadiva.com\/wp-content\/uploads\/2024\/03\/98A284_frente-1536x1536.jpg 1536w, https:\/\/joyeriadiva.com\/wp-content\/uploads\/2024\/03\/98A284_frente-416x416.jpg 416w, https:\/\/joyeriadiva.com\/wp-content\/uploads\/2024\/03\/98A284_frente-100x100.jpg 100w, https:\/\/joyeriadiva.com\/wp-content\/uploads\/2024\/03\/98A284_frente.jpg 1600w\" sizes=\"auto, (max-width: 324px) 100vw, 324px\" \/><\/div>\n\t\t\t\t\t<div class=\"wc-block-grid__product-title\">Reloj Bulova mod. 98A284<\/div>\n\t\t\t\t<\/a>\n\t\t\t\t<div class=\"wc-block-grid__product-price price\"><del aria-hidden=\"true\"><span class=\"woocommerce-Price-amount amount\"><span class=\"woocommerce-Price-currencySymbol\">&#036;<\/span>11,129.00<\/span><\/del> <span class=\"screen-reader-text\">Original price was: &#036;11,129.00.<\/span><ins aria-hidden=\"true\"><span class=\"woocommerce-Price-amount amount\"><span class=\"woocommerce-Price-currencySymbol\">&#036;<\/span>8,900.00<\/span><\/ins><span class=\"screen-reader-text\">Current price is: &#036;8,900.00.<\/span><\/div>\n\t\t\t\t\n\t\t\t\t<div class=\"wp-block-button wc-block-grid__product-add-to-cart\"><a href=\"\/index.php\/wp-json\/wp\/v2\/pages\/2118?add-to-cart=2130\" aria-label=\"Add to cart: &ldquo;Reloj Bulova mod. 98A284&rdquo;\" data-quantity=\"1\" data-product_id=\"2130\" data-product_sku=\"\" data-price=\"8900\" rel=\"nofollow\" class=\"wp-block-button__link  add_to_cart_button ajax_add_to_cart\">A\u00f1adir al carrito<\/a><\/div>\n\t\t\t<\/li><li class=\"wc-block-grid__product\">\n\t\t\t\t<a href=\"https:\/\/joyeriadiva.com\/index.php\/producto\/reloj-citizen-mod-61553\/\" class=\"wc-block-grid__product-link\">\n\t\t\t\t\t<div class=\"wc-block-grid__product-onsale\">\n\t\t\t<span aria-hidden=\"true\">Oferta<\/span>\n\t\t\t<span class=\"screen-reader-text\">Producto en oferta<\/span>\n\t\t<\/div>\n\t\t\t\t\t<div class=\"wc-block-grid__product-image\"><img loading=\"lazy\" decoding=\"async\" width=\"324\" height=\"324\" src=\"https:\/\/joyeriadiva.com\/wp-content\/uploads\/2023\/06\/NY0151-59X_frente-324x324.jpg\" class=\"attachment-woocommerce_thumbnail size-woocommerce_thumbnail\" alt=\"Reloj CITIZEN mod. NY0151-59X\" srcset=\"https:\/\/joyeriadiva.com\/wp-content\/uploads\/2023\/06\/NY0151-59X_frente-324x324.jpg 324w, https:\/\/joyeriadiva.com\/wp-content\/uploads\/2023\/06\/NY0151-59X_frente-300x300.jpg 300w, https:\/\/joyeriadiva.com\/wp-content\/uploads\/2023\/06\/NY0151-59X_frente-1024x1024.jpg 1024w, https:\/\/joyeriadiva.com\/wp-content\/uploads\/2023\/06\/NY0151-59X_frente-150x150.jpg 150w, https:\/\/joyeriadiva.com\/wp-content\/uploads\/2023\/06\/NY0151-59X_frente-768x768.jpg 768w, https:\/\/joyeriadiva.com\/wp-content\/uploads\/2023\/06\/NY0151-59X_frente-1536x1536.jpg 1536w, https:\/\/joyeriadiva.com\/wp-content\/uploads\/2023\/06\/NY0151-59X_frente-416x416.jpg 416w, https:\/\/joyeriadiva.com\/wp-content\/uploads\/2023\/06\/NY0151-59X_frente-100x100.jpg 100w, https:\/\/joyeriadiva.com\/wp-content\/uploads\/2023\/06\/NY0151-59X_frente.jpg 1600w\" sizes=\"auto, (max-width: 324px) 100vw, 324px\" \/><\/div>\n\t\t\t\t\t<div class=\"wc-block-grid__product-title\">Reloj CITIZEN mod. NY0151-59X<\/div>\n\t\t\t\t<\/a>\n\t\t\t\t<div class=\"wc-block-grid__product-price price\"><del aria-hidden=\"true\"><span class=\"woocommerce-Price-amount amount\"><span class=\"woocommerce-Price-currencySymbol\">&#036;<\/span>12,840.00<\/span><\/del> <span class=\"screen-reader-text\">Original price was: &#036;12,840.00.<\/span><ins aria-hidden=\"true\"><span class=\"woocommerce-Price-amount amount\"><span class=\"woocommerce-Price-currencySymbol\">&#036;<\/span>10,272.00<\/span><\/ins><span class=\"screen-reader-text\">Current price is: &#036;10,272.00.<\/span><\/div>\n\t\t\t\t\n\t\t\t\t<div class=\"wp-block-button wc-block-grid__product-add-to-cart\"><a href=\"\/index.php\/wp-json\/wp\/v2\/pages\/2118?add-to-cart=2081\" aria-label=\"Add to cart: &ldquo;Reloj CITIZEN mod. NY0151-59X&rdquo;\" data-quantity=\"1\" data-product_id=\"2081\" data-product_sku=\"\" data-price=\"10272\" rel=\"nofollow\" class=\"wp-block-button__link  add_to_cart_button ajax_add_to_cart\">A\u00f1adir al carrito<\/a><\/div>\n\t\t\t<\/li><\/ul><\/div>","protected":false},"excerpt":{"rendered":"<p>En un mundo cada vez cada vez mas digital, existe un atractivo real para algo que depende de engranajes, resortes y joyas para funcionar, lo que se refleja en el creciente inter\u00e9s por los relojes mec\u00e1nicos en la actualidad. A continuaci\u00f3n se detallan algunas de las razones por las que estos relojes son tan atractivos [&hellip;]<\/p>\n","protected":false},"author":2,"featured_media":0,"parent":0,"menu_order":0,"comment_status":"closed","ping_status":"closed","template":"","meta":{"footnotes":""},"class_list":["post-2118","page","type-page","status-publish","hentry"],"_links":{"self":[{"href":"https:\/\/joyeriadiva.com\/index.php\/wp-json\/wp\/v2\/pages\/2118","targetHints":{"allow":["GET"]}}],"collection":[{"href":"https:\/\/joyeriadiva.com\/index.php\/wp-json\/wp\/v2\/pages"}],"about":[{"href":"https:\/\/joyeriadiva.com\/index.php\/wp-json\/wp\/v2\/types\/page"}],"author":[{"embeddable":true,"href":"https:\/\/joyeriadiva.com\/index.php\/wp-json\/wp\/v2\/users\/2"}],"replies":[{"embeddable":true,"href":"https:\/\/joyeriadiva.com\/index.php\/wp-json\/wp\/v2\/comments?post=2118"}],"version-history":[{"count":4,"href":"https:\/\/joyeriadiva.com\/index.php\/wp-json\/wp\/v2\/pages\/2118\/revisions"}],"predecessor-version":[{"id":2124,"href":"https:\/\/joyeriadiva.com\/index.php\/wp-json\/wp\/v2\/pages\/2118\/revisions\/2124"}],"wp:attachment":[{"href":"https:\/\/joyeriadiva.com\/index.php\/wp-json\/wp\/v2\/media?parent=2118"}],"curies":[{"name":"wp","href":"https:\/\/api.w.org\/{rel}","templated":true}]}}