{"id":1215,"date":"2022-01-22T00:25:31","date_gmt":"2022-01-22T00:25:31","guid":{"rendered":"https:\/\/joyeriadiva.com\/?page_id=1215"},"modified":"2026-04-13T19:32:29","modified_gmt":"2026-04-13T19:32:29","slug":"politicas-de-cambio-y-devolucion","status":"publish","type":"page","link":"https:\/\/joyeriadiva.com\/index.php\/politicas-de-cambio-y-devolucion\/","title":{"rendered":"Pol\u00edticas de Env\u00edo, Cambio y Devoluci\u00f3n."},"content":{"rendered":"\n<p>Los env\u00edos tienen un costo de $100.00 en compras iguales o superiores a los $3,500.00 pesos mexicanos, en caso de compras por debajo de este monto, el env\u00edo se cotizar\u00e1 por aparte y de conformidad con el cliente.<\/p>\n\n\n\n<p>Para las compras dentro de la ciudad de Aguascalientes, el env\u00edo es sin costo sin importar la cantidad o se puede acordar la recogida en alguna de nuestras sucursales.<\/p>\n\n\n\n<p><\/p>\n\n\n\n<p class=\"has-text-align-center\">En caso de que no hayas quedado satisfecho con tu compra o el producto que elegiste no te haya quedado bien, contamos con devoluciones sin costo, dentro de los siete d\u00edas naturales posteriores a que el producto te haya sido entregado.<\/p>\n\n\n\n<p class=\"has-text-align-center\">Las devoluciones con nosotros no tienen costo, sin embargo el reembolso se har\u00e1 hasta que la pieza haya sido recibida y revisada por nuestro personal, quien debe constatar que est\u00e1 en las condiciones en que se envi\u00f3 originalmente. El cliente deber\u00e1 tomar fotograf\u00edas y hacerlas llegar a nuestro correo de contacto, divaparian@joyeriadiva.com, donde consten las condiciones de la pieza al momento de empacarla y hacer el env\u00edo.<\/p>\n\n\n\n<p class=\"has-text-align-center\">El cambio f\u00edsico de prendas procede en caso de que la prenda haya manifestado alg\u00fan defecto de fabricaci\u00f3n y solo proceder\u00e1 hasta que dicha prenda haya  sido recibida y revisada por nuestro personal, quien debe constatar que el desperfecto no fu\u00e9 provocado por el mal uso de la prenda.<\/p>\n","protected":false},"excerpt":{"rendered":"<p>Los env\u00edos tienen un costo de $100.00 en compras iguales o superiores a los $3,500.00 pesos mexicanos, en caso de compras por debajo de este monto, el env\u00edo se cotizar\u00e1 por aparte y de conformidad con el cliente. Para las compras dentro de la ciudad de Aguascalientes, el env\u00edo es sin costo sin importar la [&hellip;]<\/p>\n","protected":false},"author":2,"featured_media":0,"parent":0,"menu_order":0,"comment_status":"closed","ping_status":"closed","template":"","meta":{"footnotes":""},"class_list":["post-1215","page","type-page","status-publish","hentry"],"_links":{"self":[{"href":"https:\/\/joyeriadiva.com\/index.php\/wp-json\/wp\/v2\/pages\/1215","targetHints":{"allow":["GET"]}}],"collection":[{"href":"https:\/\/joyeriadiva.com\/index.php\/wp-json\/wp\/v2\/pages"}],"about":[{"href":"https:\/\/joyeriadiva.com\/index.php\/wp-json\/wp\/v2\/types\/page"}],"author":[{"embeddable":true,"href":"https:\/\/joyeriadiva.com\/index.php\/wp-json\/wp\/v2\/users\/2"}],"replies":[{"embeddable":true,"href":"https:\/\/joyeriadiva.com\/index.php\/wp-json\/wp\/v2\/comments?post=1215"}],"version-history":[{"count":5,"href":"https:\/\/joyeriadiva.com\/index.php\/wp-json\/wp\/v2\/pages\/1215\/revisions"}],"predecessor-version":[{"id":2402,"href":"https:\/\/joyeriadiva.com\/index.php\/wp-json\/wp\/v2\/pages\/1215\/revisions\/2402"}],"wp:attachment":[{"href":"https:\/\/joyeriadiva.com\/index.php\/wp-json\/wp\/v2\/media?parent=1215"}],"curies":[{"name":"wp","href":"https:\/\/api.w.org\/{rel}","templated":true}]}}